it of 11664?
4
What is the hundreds digit of 1252?
2
What is the tens digit of 2485?
8
What is the units digit of 32217?
7
What is the units digit of 537?
7
What is the tens digit of 8080?
8
What is the hundreds digit of 1104?
1
What is the thousands digit of 13093?
3
What is the tens digit of 2874?
7
What is the thousands digit of 8976?
8
What is the hundreds digit of 60697?
6
What is the tens digit of 11213?
1
What is the hundreds digit of 512?
5
What is the hundreds digit of 160038?
0
What is the tens digit of 9738?
3
What is the thousands digit of 60956?
0
What is the thousands digit of 1350?
1
What is the hundred thousands digit of 147158?
1
What is the units digit of 3294?
4
What is the thousands digit of 9387?
9
What is the hundreds digit of 28458?
4
What is the tens digit of 7420?
2
What is the units digit of 17942?
2
What is the units digit of 1175?
5
What is the tens digit of 34869?
6
What is the ten thousands digit of 11493?
1
What is the units digit of 14310?
0
What is the units digit of 1683?
3
What is the hundreds digit of 79283?
2
What is the units digit of 5852?
2
What is the thousands digit of 24610?
4
What is the thousands digit of 4302?
4
What is the thousands digit of 5884?
5
What is the units digit of 22745?
5
What is the thousands digit of 15661?
5
What is the hundreds digit of 90392?
3
What is the hundreds digit of 304?
3
What is the units digit of 5616?
6
What is the tens digit of 944?
4
What is the tens digit of 76720?
2
What is the units digit of 1692?
2
What is the units digit of 11685?
5
What is the units digit of 4709?
9
What is the units digit of 954?
4
What is the hundreds digit of 1318?
3
What is the hundreds digit of 114800?
8
What is the hundreds digit of 14696?
6
What is the tens digit of 187461?
6
What is the thousands digit of 2485?
2
What is the tens digit of 5326?
2
What is the thousands digit of 22325?
2
What is the tens digit of 12448?
4
What is the tens digit of 249?
4
What is the units digit of 63650?
0
What is the units digit of 33459?
9
What is the tens digit of 6472?
7
What is the units digit of 12802?
2
What is the hundreds digit of 90237?
2
What is the hundreds digit of 1212?
2
What is the thousands digit of 35244?
5
What is the units digit of 1074?
4
What is the hundreds digit of 15221?
2
What is the thousands digit of 3258?
3
What is the hundreds digit of 959?
9
What is the tens digit of 5022?
2
What is the thousands digit of 2346?
2
What is the units digit of 9558?
8
What is the hundreds digit of 17566?
5
What is the tens digit of 133753?
5
What is the units digit of 702?
2
What is the hundreds digit of 501?
5
What is the units digit of 58934?
4
What is the tens digit of 332?
3
What is the tens digit of 31578?
7
What is the thousands digit of 9963?
9
What is the hundreds digit of 3849?
8
What is the units digit of 5652?
2
What is the ten thousands digit of 32967?
3
What is the hundreds digit of 474?
4
What is the hundreds digit of 5264?
2
What is the units digit of 4502?
2
What is the thousands digit of 4034?
4
What is the thousands digit of 8217?
8
What is the hundreds digit of 708?
7
What is the units digit of 3317?
7
What is the ten thousands digit of 122960?
2
What is the thousands digit of 8571?
8
What is the units digit of 20540?
0
What is the hundreds digit of 4594?
5
What is the tens digit of 43085?
8
What is the tens digit of 7069?
6
What is the thousands digit of 16826?
6
What is the units digit of 32700?
0
What is the tens digit of 6952?
5
What is the units digit of 1901?
1
What is the units digit of 8618?
8
What is the units digit of 3703?
3
What is the units digit of 15221?
1
What is the thousands digit of 18620?
8
What is the hundreds digit of 11639?
6
What is the hundred thousands digit of 111288?
1
What is the tens digit of 65301?
0
What is the units digit of 12624?
4
What is the tens digit of 1270?
7
What is the units digit of 22679?
9
What is the hundreds digit of 11072?
0
What is the thousands digit of 1270?
1
What is the units digit of 13086?
6
What is the units digit of 105350?
0
What is the tens digit of 1343?
4
What is the units digit of 10566?
6
What is the thousands digit of 34474?
4
What is the ten thousands digit of 79035?
7
What is the ten thousands digit of 35861?
3
What is the tens digit of 2431?
3
What is the units digit of 368?
8
What is the hundreds digit of 199566?
5
What is the hundreds digit of 826?
8
What is the thousands digit of 1484?
1
What is the units digit of 10593?
3
What is the ten thousands digit of 71906?
7
What is the ten thousands digit of 51029?
5
What is the thousands digit of 1811?
1
What is the hundreds digit of 1888?
8
What is the tens digit of 1731?
3
What is the thousands digit of 3523?
3
What is the tens digit of 2184?
8
What is the hundreds digit of 394?
3
What is the ten thousands digit of 76411?
7
What is the units digit of 1266?
6
What is the thousands digit of 3008?
3
What is the units digit of 2067?
7
What is the thousands digit of 31507?
1
What is the thousands digit of 22668?
2
What is the units digit of 21054?
4
What is the units digit of 836?
6
What is the hundreds digit of 61568?
5
What is the tens digit of 26255?
5
What is the hundreds digit of 1705?
7
What is the units digit of 2519?
9
What is the ten thousands digit of 10685?
1
What is the hundreds digit of 66812?
8
What is the units digit of 3147?
7
What is the tens digit of 2354?
5
What is the tens digit of 10959?
5
What is the tens digit of 63092?
9
What is the ten thousands digit of 45621?
4
What is the units digit of 1044?
4
What is the hundreds digit of 1661?
6
What is the tens digit of 78549?
4
What is the hundreds digit of 3855?
8
What is the hundreds digit of 446?
4
What is the thousands digit of 20084?
0
What is the tens digit of 6238?
3
What is the thousands digit of 104239?
4
What is the thousands digit of 1853?
1
What is the hundreds digit of 5121?
1
What is the units digit of 13196?
6
What is the tens digit of 20696?
9
What is the hundreds digit of 22192?
1
What is the thousands digit of 3951?
3
What is the ten thousands digit of 149120?
4
What is the hundreds digit of 2181?
1
What is the hundreds digit of 2188?
1
What is the thousands digit of 1723?
1
What is the tens digit of 3507?
0
What is the tens digit of 4171?
7
What is the tens digit of 27028?
2
What is the thousands digit of 89323?
9
What is the tens digit of 906?
0
What is the tens digit of 14?
1
What is the units digit of 404?
4
What is the ten thousands digit of 90505?
9
What is the ten thousands digit of 13536?
1
What is the tens digit of 332?
3
What is the hundreds digit of 4844?
8
What is the thousands digit of 33878?
3
What is the thousands digit of 14187?
4
What is the tens digit of 221?
2
What is the units digit of 5297?
7
What is the tens digit of 125513?
1
What is the hundreds digit of 1052?
0
What is the tens digit of 619?
1
What is the hundreds digit of 27912?
9
What is the hundreds digit of 2221?
2
What is the tens digit of 2186?
8
What is the units digit of 420?
0
What is the thousands digit of 8580?
8
What is the tens digit of 5088?
8
What is the thousands digit of 1066?
1
What is the tens digit of 4549?
4
What is the units digit of 152?
2
What is the thousands digit of 6900?
6
What is the tens digit of 23099?
9
What is the hundreds digit of 12774?
7
What is the thousands digit of 5441?
5
What is the hundreds digit of 4224?
2
What is the hundreds digit of 2460?
4
What is the units digit of 1050?
0
What is the tens digit of 12351?
5
What is the hundreds digit of 441?
4
What is the hundreds digit of 529?
5
What is the units digit of 26884?
4
What is the units digit of 97888?
8
What is the tens digit of 2808?
0
What is the thousands digit of 1345?
1
What is the tens digit of 388?
8
What is the units digit of 10462?
2
What is the hundreds digit of 11412?
4
What is the tens digit of 3778?
7
What is the tens digit of 994?
9
What is the tens digit of 1861?
6
What is the units digit of 785?
5
What is the tens digit of 11898?
9
What is the tens digit of 678?
7
What is the units digit of 97241?
1
What is the tens digit of 37745?
4
What is the hundreds digit of 67250?
2
What is the hundreds digit of 447?
4
What is the thousands digit of 16856?
6
What is the units digit of 801?
1
What is the 